= 2*p + 47, -5*y - 3*p = -87. Suppose -2*r + 2 = r - 2*l, -4*r - 5*l = -y. Determine v(r).
4
Let z(w) = w**2 - 2*w + 4. Let q(c) = 4*c**2 - 7*c + 13. Let l(u) = -2*q(u) + 7*z(u). Let b be (24/(-28))/(4/(-392)). Let y be (-24)/b*1*-7. Determine l(y).
-2
Let m(v) = v**3 + 10*v**2 + 9*v + 4. Let d be m(-9). Suppose 9 = -u + d*u. Let g(h) = -5*h + 3. Give g(u).
-12
Let f(g) = -1 + 3 + g - 1. Let y(h) = h**3 + 5*h**2 + 3*h + 4. Let o be y(-3). Let j = o + -13. Determine f(j).
1
Let s(i) = i - 10. Let b be s(5). Let y(c) = 1. Let n(d) = 3*d**2 + 3*d + 6. Let k(o) = b*y(o) + n(o). What is k(-2)?
7
Let s(u) = u - 1. Let h(r) = -2*r + 7. Let o be (-2)/9 + (-55)/(-45). Let b(d) = o*h(d) + 4*s(d). Determine b(4).
11
Let a = 1/62 + 59/186. Let l(y) be the first derivative of 3 + y + a*y**3 - 3/2*y**2. Determine l(3).
1
Let i be 51/(-12) - 5/(-20). Let q(f) = 7*f - 7. Let l(r) = 13*r - 14. Let n(c) = i*l(c) + 7*q(c). Give n(6).
-11
Let i(n) = n**2 - 2*n + 3. Let j be 3 + (-1 - -4) + -4. Give i(j).
3
Let b(c) = 10*c**2 - 16*c - 11. Let r(k) be the first derivative of 2*k**3/3 - 3*k**2/2 - 2*k + 6. Let o(d) = -2*b(d) + 11*r(d). Give o(2).
6
Let a be 92/(-22) - (-4)/22. Let i(c) = -c**3 - 3*c**2 + 4*c - 2. What is i(a)?
-2
Let z(s) = s**2 - 2*s + 3. Let k be 26/10 - 24/40. Give z(k).
3
Let p(y) = y + 5. Let f be p(-6). Let i be 0 + 4/2 + f. Let z(o) = o**3 - 3*o**2 - o + 3. Let h(x) = -4*x**2 - x + 4. Let v(n) = -3*h(n) + 4*z(n). What is v(i)?
3
Suppose 6*w - w - 41 = 3*g, g = -w - 11. Let x = -16 - g. Let s(u) = -u**2 + 1. Let b(d) = 6*d**2 + 5*d + 1. Let j(p) = b(p) + 5*s(p). Determine j(x).
2
Let a(s) = s**3 + 5*s**2 - s + 6. Let z(k) = 3*k + 1. Let r be z(-2). Calculate a(r).
11
Let h(x) = -9*x**2 + x - 1. Let v(f) = -19*f**2 + 3*f - 2. Let i(a) = -5*h(a) + 2*v(a). Give i(-1).
7
Suppose -3*a = r - 14, a - 5*r = -3*r. Suppose a*i = -18 - 14. Let m be (-20)/i*(-6)/(-5). Let w(b) = -2*b**2 + 4*b. Give w(m).
-6
Let q(a) = a**2 - 4*a - 7. Suppose 28 = 4*f + f - 3*i, 2*f + i - 9 = 0. Determine q(f).
-2
Suppose 4 + 0 = -2*z. Let w(f) be the first derivative of f**4/4 + f**3 + f**2 - f - 4. Determine w(z).
-1
Let h be (-4)/3*(-54)/12. Let z = 5 - h. Let k(u) = 3*u**3 - 1. Determine k(z).
-4
Suppose c - 2 - 1 = -3*z, 3*c + 7 = -z. Let t(q) = q**2 - 7*q + q**3 + z + 2*q**2 + 0*q. Determine t(-5).
-13
Let d be (1/(-1))/((-2)/4). Let n(i) = 0 + d - 6 + 1 + 4*i + i**2. Determine n(-5).
2
Let g(u) = u**3 + 7*u**2 + u + 8. Let b = 29 + -36. Calculate g(b).
1
Let d(f) = -20*f**3 + 20*f**2 - 17*f + 26. Let r(j) = -7*j**3 + 7*j**2 - 6*j + 9. Let x(i) = -6*d(i) + 17*r(i). Give x(0).
-3
Let t(d) = d**3 - 6*d**2 + 5*d + 6. Suppose 4*f = -3*x + 31, -9*x = -4*x - 3*f - 13. Give t(x).
6
Let o(u) = 4*u**2 + u - 4. Let k(t) = -5*t**2 - t + 5. Let i(r) = 5*k(r) + 6*o(r). Let l be i(1). Let a(z) = 0 + z - l - 7*z. What is a(-2)?
11
Let n(z) = z**3 + 5*z**2 + 3*z + 6. Let r(q) = q**2 + 8*q + 7. Suppose -5*g + g - 24 = 0. Let l be r(g). What is n(l)?
-9
Let y(n) be the third derivative of n**4/24 + 5*n**3/6 - 3*n**2. Calculate y(-3).
2
Let l(c) = c + 1. Let z(p) = -5*p. Let k(h) = -3*l(h) - z(h). What is k(2)?
1
Let z(y) = 9*y + 39. Let v(d) = 2*d + 8. Let q(b) = 24*v(b) - 5*z(b). Suppose 4*p = i - 17 - 6, -1 = i. Let c be p*2/(-8)*2. Determine q(c).
6
Let f(n) = 2*n. Suppose 0 = 2*r + 3*k + 14, -13 = 5*r + 4*k - 2*k. Calculate f(r).
-2
Let p be 4 + 20/4 + -2. Let h(w) = -w + 9. Calculate h(p).
2
Let i be (4/6 - 1)*-15. Suppose -i*s + 10 = -0*s. Let q be s/4*(-3 + -1). Let r(y) = -y. What is r(q)?
2
Let n(b) be the third derivative of -b**5/60 - b**4/24 - b**3/6 + 23*b**2 + b. What is n(-6)?
-31
Let b(l) = -5*l + 7. Let q(h) = -10*h + 16. Let k(c) = -7*b(c) + 3*q(c). What is k(1)?
4
Let o = 4 + -3. Suppose 11 - o = 2*m. Suppose m*v = v. Let x(w) = -w**3 - w**2 + w. What is x(v)?
0
Let k(s) = 5*s**2 - 9*s**2 + 2*s + s**3 + 0*s. Let n be k(3). Let l(g) = -g**3 - 4*g**2 - 2*g - 1. What is l(n)?
-4
Suppose 12 = -0*m + 4*m. Let r(v) be the second derivative of -7/6*v**m + 4*v + 0 - 5/12*v**4 + 1/20*v**5 + 9/2*v**2. What is r(6)?
3
Let n(u) = -u - 3. Suppose -3*r - 4*l + 15 = 0, 3*r + r - l - 20 = 0. What is n(r)?
-8
Let f be 6 + 2*2/(-4). Let t(d) = -4 + 2*d - 2*d - d + f*d**2 + d**3. Let p be t(-5). Let c(n) = -3*n**2 + n - 1. What is c(p)?
-3
Let u(r) = 4*r**2 + 3. Let h(n) = -7*n**2 + n - 5. Let v(m) = -3*h(m) - 5*u(m). Determine v(4).
4
Let f(w) be the third derivative of -w**4/24 + 2*w**3/3 + 4*w**2. Determine f(-4).
8
Suppose -z + 1 = 3*o - 6, 2*o + 3*z = 7. Let h(f) be the third derivative of f**6/120 - f**5/30 - f**4/24 - f**3/6 + 9*f**2. Calculate h(o).
-3
Let s(z) be the first derivative of -z**4/4 + z**3 + z**2 - 2*z + 34. What is s(3)?
4
Let i(z) be the first derivative of 1 - 5/2*z**2 + z + 1/12*z**4 + 1/6*z**3. Let g(y) be the first derivative of i(y). Give g(0).
-5
Let k = 2 + 2. Suppose k*p + 1 = 9. Let y(w) = 0*w**3 + w + w**3 - p*w. What is y(2)?
6
Let d(x) = 2*x**2 + 0*x**2 + 2 - 74*x - 81*x + 159*x. What is d(-3)?
8
Let c = -7 + 9. Suppose 2*w - c = 2. Let n(u) = -u - 2. Calculate n(w).
-4
Let h(g) = -4*g - 6*g + 9 + 6*g + 3*g. Determine h(10).
-1
Let h(a) = -3*a + 1. Suppose 5*q - 4*w - 5 = 2, 0 = 2*q + 4*w - 14. Give h(q).
-8
Suppose 15 = 5*j - 0*j. Let f(m) = -m + 0*m - j + m**2 + 3*m. Suppose -i - 3*i + 8 = 0. Determine f(i).
5
Let n(u) be the first derivative of -u**3/2 + 7*u**2/2 - u - 5. Let h(z) be the first derivative of n(z). Give h(5).
-8
Let b(i) be the third derivative of -i**8/20160 - i**7/2520 + i**6/144 - i**5/20 + 6*i**2. Let a(d) be the third derivative of b(d). Determine a(-5).
-10
Let f(d) = 0 + 7 - 2 - d. Suppose 9*w = 8*w. Determine f(w).
5
Let w(r) = 199*r - 2 - r**2 - 98*r - 94*r. Let d be (2 - -2)*(-6)/(-4). Calculate w(d).
4
Let g(o) = -o**3 + 4*o - 1. Let q be g(2). Let u(d) = 19*d**3 - d**2 + d + 1. Give u(q).
-20
Let g(v) = -v - 10*v + 8*v. Calculate g(1).
-3
Suppose -d - 4*d = 0. Let t = 2 + d. Let n(h) = -4*h**2 + 3*h. Calculate n(t).
-10
Let c(s) = s**2 - 7*s - 16. Let f be c(9). Let n(y) be the first derivative of 1/3*y**3 + 2 + 0*y**f - 2*y. Calculate n(0).
-2
Let o(z) = 2*z**3 - z**2 - z. Let c(g) = -2*g**2 - 7 + 5 - g**2 + 4*g + g**3. Let d be c(2). Calculate o(d).
10
Suppose -3*j + 25 = 2*j. Let g(o) = j - 3 + 3*o + 2 + 0. Determine g(-5).
-11
Let c = -3 - -6. Let z(w) = -w. Let i(b) = -6*b + 3. Let o(m) = i(m) - z(m). Give o(c).
-12
Let u(c) = c**2 - 4*c. Suppose o - 22 = 4*k, -o - 14 = -3*o + 2*k. Suppose -1 - o = -n. Determine u(n).
-3
Suppose 47 = -2*z + 51. Let s(t) = 2*t + 1. Determine s(z).
5
Let h = 8 + -5. Let q be (-3)/9 + 30/9. Let b(a) = -a + h*a - q*a. Give b(4).
-4
Let h(v) = 3*v - 18*v**2 + 20*v**2 + 0*v. Give h(-2).
2
Let p(m) = -2 + 29*m - 31*m + 0. Give p(7).
-16
Let q = -2 + 5. Let u(z) = -2*z**2 - 4 - 2*z + z + z**q - 2*z**2. Let v be (-87)/(-1044) + (-94)/(-24). Calculate u(v).
-8
Let x(h) = -h**3 - h**2 + h. Let w be x(-2). Let j = w - -2. Let a(s) = -s - 4 - 1 + 0. Determine a(j).
-9
Let h(g) = 2*g**3 - 4*g**2 + 3*g. Let y = 32 - 30. Calculate h(y).
6
Let z(s) = -s - 15. Let y be z(-8). Let r(o) = -3*o - 6. Calculate r(y).
15
Let t(a) = 4*a - 1. Let k be -2 + 9/3 + 1. Let f = 3 - k. Give t(f).
3
Let q(a) = a**2 - 10*a + 12. Let y be q(8). Let j(w) be the second derivative of 1/12*w**4 - w - 3/2*w**2 + 5/6*w**3 + 0. Give j(y).
-7
Suppose -2 = -2*z + 2. Let f(p) be the second derivative of 0 + 4*p - 1/2*p**3 - 1/2*p**z. What is f(1)?
-4
Let n(z) = 16*z**3 - 46*z**2 - 11*z + 6. Let j(p) = 3*p**3 - 9*p**2 - 2*p + 1. Let c(a) = -11*j(a) + 2*n(a). What is c(7)?
1
Let a = 64 - 59. Let p(j) = j**3 - 4*j**2 - 3*j - 6. What is p(a)?
4
Let j(f) = 13*f**3 + 3*f**2 - 9*f + 13. Let m(w) = -7*w**3 - 2*w**2 + 5*w - 7. Suppose g - 14 = 3*i, -i - g - 28 = 3*i. Let t(l) = i*j(l) - 11*m(l). Give t(4).
-5
Suppose -h + 4*v - 5 = 0, 0 = h - 5*v + 3 + 2. Let n(k) = k + 2. What is n(h)?
-3
Let l(d) = -d**2 + 5*d + 1. Suppose -6*f - 10 = -4*f. Let q be 2 - (3 - f)/(-2). Determine l(q).
-5
Let c(q) be the third derivative of q**5/60 - q**4/24 + 2*q**2 - 24. Determine c(0).
0
Let g(l) = 2 - 2*l**3 - 13*l - 3*l**3 + 2*l**2 + 4*l**3 + 12*l. Determine g(2).
0
Let l(j) be the first derivative of j**2/2 + 3*j + 10. What is l(-2)?
1
Let f(